{"id":1494,"date":"2024-11-22T12:13:13","date_gmt":"2024-11-22T12:13:13","guid":{"rendered":"http:\/\/nana-novosad.de\/?page_id=1494"},"modified":"2025-03-01T14:31:38","modified_gmt":"2025-03-01T14:31:38","slug":"fitness-mit-diabetes-muskelaufbau-fuer-stabile-blutzuckerwerte","status":"publish","type":"page","link":"https:\/\/nana-novosad.de\/?page_id=1494","title":{"rendered":"Fitness mit Diabetes \u2013 Muskelaufbau f\u00fcr stabile Blutzuckerwerte"},"content":{"rendered":"\n<p class=\"has-black-color has-text-color has-link-color has-medium-font-size wp-elements-0a46b84300075fc8d154ae59ccb3dab5\"><strong>Fitness, bzw Bewegung und St\u00e4rkung der Muskeln ist extrem wichtig f\u00fcr Diabetiker.<\/strong><\/p>\n\n\n\n<p>Regelm\u00e4\u00dfige Bewegung und Muskelaufbau sind f\u00fcr Diabetiker essenziell. Ab dem 30. Lebensjahr baut der K\u00f6rper nat\u00fcrlicherweise ab \u2013 bei Diabetikern durch Blutzuckerschwankungen oft noch schneller. <\/p>\n\n\n\n<p><strong>Das Problem:<\/strong> Statt Fett werden vor allem Muskeln abgebaut, da sie mehr Energie verbrauchen. F\u00fcr Uns bedeutet es wir bauen k\u00f6rperlich &#8222;schneller&#8220; ab, als nicht Diabetiker.<\/p>\n\n\n\n<p><strong>Hier setzen wir an! Gemeinsam st\u00e4rken wir deine Muskulatur, verbessern die Insulinsensitivit\u00e4t und unterst\u00fctzen die Fettverbrennung.<\/strong><\/p>\n\n\n\n<p><strong>Das Beste:<\/strong> Mit mehr Muskeln kannst du mehr essen, dich fitter f\u00fchlen und nachhaltig abnehmen. Lass uns loslegen!<\/p>\n\n\n\n<p><\/p>\n","protected":false},"excerpt":{"rendered":"<p>Fitness, bzw Bewegung und St\u00e4rkung der Muskeln ist extrem wichtig f\u00fcr Diabetiker. Regelm\u00e4\u00dfige Bewegung und Muskelaufbau sind f\u00fcr Diabetiker essenziell. Ab dem 30. Lebensjahr baut der K\u00f6rper nat\u00fcrlicherweise ab \u2013 &#8230;<\/p>\n","protected":false},"author":1,"featured_media":0,"parent":0,"menu_order":0,"comment_status":"closed","ping_status":"closed","template":"template-fullwidth.php","meta":{"footnotes":""},"class_list":["post-1494","page","type-page","status-publish","hentry"],"yoast_head":"<!-- This site is optimized with the Yoast SEO plugin v26.9 - https:\/\/yoast.com\/product\/yoast-seo-wordpress\/ -->\n<title>Fitness mit Diabetes \u2013 Muskelaufbau f\u00fcr stabile Blutzuckerwerte - Nana Novosad - Fit mit Diabetes<\/title>\n<meta name=\"description\" content=\"Diabetes, Diabetes Type1, Diabetes Typ 2, Fitness, Diabetes unn Fitness, Fitnesscoach, Ern\u00e4hrungsberatung, Sport, gemeinsam stark, Bluzucker, Insulin, Ern\u00e4hrung, Diabetes Management, Insulinsensitvit\u00e4t\" \/>\n<meta name=\"robots\" content=\"index, follow, max-snippet:-1, max-image-preview:large, max-video-preview:-1\" \/>\n<link rel=\"canonical\" href=\"https:\/\/nana-novosad.de\/?page_id=1494\" \/>\n<meta property=\"og:locale\" content=\"de_DE\" \/>\n<meta property=\"og:type\" content=\"article\" \/>\n<meta property=\"og:title\" content=\"Fitness mit Diabetes \u2013 Muskelaufbau f\u00fcr stabile Blutzuckerwerte - Nana Novosad - Fit mit Diabetes\" \/>\n<meta property=\"og:description\" content=\"Diabetes, Diabetes Type1, Diabetes Typ 2, Fitness, Diabetes unn Fitness, Fitnesscoach, Ern\u00e4hrungsberatung, Sport, gemeinsam stark, Bluzucker, Insulin, Ern\u00e4hrung, Diabetes Management, Insulinsensitvit\u00e4t\" \/>\n<meta property=\"og:url\" content=\"https:\/\/nana-novosad.de\/?page_id=1494\" \/>\n<meta property=\"og:site_name\" content=\"Nana Novosad - Fit mit Diabetes\" \/>\n<meta property=\"article:modified_time\" content=\"2025-03-01T14:31:38+00:00\" \/>\n<meta name=\"twitter:card\" content=\"summary_large_image\" \/>\n<meta name=\"twitter:label1\" content=\"Gesch\u00e4tzte Lesezeit\" \/>\n\t<meta name=\"twitter:data1\" content=\"1\u00a0Minute\" \/>\n<script type=\"application\/ld+json\" class=\"yoast-schema-graph\">{\"@context\":\"https:\/\/schema.org\",\"@graph\":[{\"@type\":\"WebPage\",\"@id\":\"https:\/\/nana-novosad.de\/?page_id=1494\",\"url\":\"https:\/\/nana-novosad.de\/?page_id=1494\",\"name\":\"Fitness mit Diabetes \u2013 Muskelaufbau f\u00fcr stabile Blutzuckerwerte - Nana Novosad - Fit mit Diabetes\",\"isPartOf\":{\"@id\":\"https:\/\/nana-novosad.de\/#website\"},\"datePublished\":\"2024-11-22T12:13:13+00:00\",\"dateModified\":\"2025-03-01T14:31:38+00:00\",\"description\":\"Diabetes, Diabetes Type1, Diabetes Typ 2, Fitness, Diabetes unn Fitness, Fitnesscoach, Ern\u00e4hrungsberatung, Sport, gemeinsam stark, Bluzucker, Insulin, Ern\u00e4hrung, Diabetes Management, Insulinsensitvit\u00e4t\",\"breadcrumb\":{\"@id\":\"https:\/\/nana-novosad.de\/?page_id=1494#breadcrumb\"},\"inLanguage\":\"de\",\"potentialAction\":[{\"@type\":\"ReadAction\",\"target\":[\"https:\/\/nana-novosad.de\/?page_id=1494\"]}]},{\"@type\":\"BreadcrumbList\",\"@id\":\"https:\/\/nana-novosad.de\/?page_id=1494#breadcrumb\",\"itemListElement\":[{\"@type\":\"ListItem\",\"position\":1,\"name\":\"Startseite\",\"item\":\"https:\/\/nana-novosad.de\/\"},{\"@type\":\"ListItem\",\"position\":2,\"name\":\"Fitness mit Diabetes \u2013 Muskelaufbau f\u00fcr stabile Blutzuckerwerte\"}]},{\"@type\":\"WebSite\",\"@id\":\"https:\/\/nana-novosad.de\/#website\",\"url\":\"https:\/\/nana-novosad.de\/\",\"name\":\"Nana Novosad - Fit mit Diabetes\",\"description\":\"Individuelles Online-Coaching f\u00fcr Fitness, Ern\u00e4hrung &amp; Diabetes-Management\",\"potentialAction\":[{\"@type\":\"SearchAction\",\"target\":{\"@type\":\"EntryPoint\",\"urlTemplate\":\"https:\/\/nana-novosad.de\/?s={search_term_string}\"},\"query-input\":{\"@type\":\"PropertyValueSpecification\",\"valueRequired\":true,\"valueName\":\"search_term_string\"}}],\"inLanguage\":\"de\"}]}<\/script>\n<!-- \/ Yoast SEO plugin. -->","yoast_head_json":{"title":"Fitness mit Diabetes \u2013 Muskelaufbau f\u00fcr stabile Blutzuckerwerte - Nana Novosad - Fit mit Diabetes","description":"Diabetes, Diabetes Type1, Diabetes Typ 2, Fitness, Diabetes unn Fitness, Fitnesscoach, Ern\u00e4hrungsberatung, Sport, gemeinsam stark, Bluzucker, Insulin, Ern\u00e4hrung, Diabetes Management, Insulinsensitvit\u00e4t","robots":{"index":"index","follow":"follow","max-snippet":"max-snippet:-1","max-image-preview":"max-image-preview:large","max-video-preview":"max-video-preview:-1"},"canonical":"https:\/\/nana-novosad.de\/?page_id=1494","og_locale":"de_DE","og_type":"article","og_title":"Fitness mit Diabetes \u2013 Muskelaufbau f\u00fcr stabile Blutzuckerwerte - Nana Novosad - Fit mit Diabetes","og_description":"Diabetes, Diabetes Type1, Diabetes Typ 2, Fitness, Diabetes unn Fitness, Fitnesscoach, Ern\u00e4hrungsberatung, Sport, gemeinsam stark, Bluzucker, Insulin, Ern\u00e4hrung, Diabetes Management, Insulinsensitvit\u00e4t","og_url":"https:\/\/nana-novosad.de\/?page_id=1494","og_site_name":"Nana Novosad - Fit mit Diabetes","article_modified_time":"2025-03-01T14:31:38+00:00","twitter_card":"summary_large_image","twitter_misc":{"Gesch\u00e4tzte Lesezeit":"1\u00a0Minute"},"schema":{"@context":"https:\/\/schema.org","@graph":[{"@type":"WebPage","@id":"https:\/\/nana-novosad.de\/?page_id=1494","url":"https:\/\/nana-novosad.de\/?page_id=1494","name":"Fitness mit Diabetes \u2013 Muskelaufbau f\u00fcr stabile Blutzuckerwerte - Nana Novosad - Fit mit Diabetes","isPartOf":{"@id":"https:\/\/nana-novosad.de\/#website"},"datePublished":"2024-11-22T12:13:13+00:00","dateModified":"2025-03-01T14:31:38+00:00","description":"Diabetes, Diabetes Type1, Diabetes Typ 2, Fitness, Diabetes unn Fitness, Fitnesscoach, Ern\u00e4hrungsberatung, Sport, gemeinsam stark, Bluzucker, Insulin, Ern\u00e4hrung, Diabetes Management, Insulinsensitvit\u00e4t","breadcrumb":{"@id":"https:\/\/nana-novosad.de\/?page_id=1494#breadcrumb"},"inLanguage":"de","potentialAction":[{"@type":"ReadAction","target":["https:\/\/nana-novosad.de\/?page_id=1494"]}]},{"@type":"BreadcrumbList","@id":"https:\/\/nana-novosad.de\/?page_id=1494#breadcrumb","itemListElement":[{"@type":"ListItem","position":1,"name":"Startseite","item":"https:\/\/nana-novosad.de\/"},{"@type":"ListItem","position":2,"name":"Fitness mit Diabetes \u2013 Muskelaufbau f\u00fcr stabile Blutzuckerwerte"}]},{"@type":"WebSite","@id":"https:\/\/nana-novosad.de\/#website","url":"https:\/\/nana-novosad.de\/","name":"Nana Novosad - Fit mit Diabetes","description":"Individuelles Online-Coaching f\u00fcr Fitness, Ern\u00e4hrung &amp; Diabetes-Management","potentialAction":[{"@type":"SearchAction","target":{"@type":"EntryPoint","urlTemplate":"https:\/\/nana-novosad.de\/?s={search_term_string}"},"query-input":{"@type":"PropertyValueSpecification","valueRequired":true,"valueName":"search_term_string"}}],"inLanguage":"de"}]}},"_links":{"self":[{"href":"https:\/\/nana-novosad.de\/index.php?rest_route=\/wp\/v2\/pages\/1494","targetHints":{"allow":["GET"]}}],"collection":[{"href":"https:\/\/nana-novosad.de\/index.php?rest_route=\/wp\/v2\/pages"}],"about":[{"href":"https:\/\/nana-novosad.de\/index.php?rest_route=\/wp\/v2\/types\/page"}],"author":[{"embeddable":true,"href":"https:\/\/nana-novosad.de\/index.php?rest_route=\/wp\/v2\/users\/1"}],"replies":[{"embeddable":true,"href":"https:\/\/nana-novosad.de\/index.php?rest_route=%2Fwp%2Fv2%2Fcomments&post=1494"}],"version-history":[{"count":8,"href":"https:\/\/nana-novosad.de\/index.php?rest_route=\/wp\/v2\/pages\/1494\/revisions"}],"predecessor-version":[{"id":1649,"href":"https:\/\/nana-novosad.de\/index.php?rest_route=\/wp\/v2\/pages\/1494\/revisions\/1649"}],"wp:attachment":[{"href":"https:\/\/nana-novosad.de\/index.php?rest_route=%2Fwp%2Fv2%2Fmedia&parent=1494"}],"curies":[{"name":"wp","href":"https:\/\/api.w.org\/{rel}","templated":true}]}}